{"id":110177,"date":"2025-12-16T10:44:10","date_gmt":"2025-12-16T08:44:10","guid":{"rendered":"https:\/\/easygoinc.com\/?post_type=ufaq&#038;p=110177"},"modified":"2025-12-16T10:44:12","modified_gmt":"2025-12-16T08:44:12","slug":"ist-das-fahrzeug-nach-dem-umbau-weiterhin-als-pkw-lkw-oder-wohnmobil-zugelassen","status":"publish","type":"ufaq","link":"https:\/\/easygoinc.com\/ch\/ufaq\/ist-das-fahrzeug-nach-dem-umbau-weiterhin-als-pkw-lkw-oder-wohnmobil-zugelassen\/","title":{"rendered":"IST DAS FAHRZEUG NACH DEM UMBAU WEITERHIN ALS PKW, LKW ODER WOHNMOBIL ZUGELASSEN?"},"content":{"rendered":"<style>div.ewd-ufaq-faq-title h4 { font-size: 18px !important; }.ewd-ufaq-faq-div {\r\n  background: #4C5057 !important;\r\n  border-radius: 10px;\r\n  opacity: 0.9;\r\n  padding: 15px 15px 40px;\r\n  margin-bottom: 30px;\r\n}\r\n\r\n.ewd-ufaq-post-active {\r\n  opacity: 0.7;\r\n}\r\n\r\n.ewd-ufaq-faq-title .ewd-ufaq-faq-title-text {\r\n  margin: 20px 0;\r\n  width: auto;\r\n}\r\n\r\n.ewd-ufaq-faq-body {\r\n    padding-left: 40px;\r\n}\r\n\r\n\/* open arow symbol placement *\/\r\n\r\ndiv.ewd-ufaq-faq-title div.ewd-ufaq-post-margin-symbol {\r\n  margin: 23px 0 0 40px;\r\n}<\/style><div  class=\"ewd-ufaq-faq-list ewd-ufaq-page-type-distinct ewd-ufaq-category-tabs-\" id='ewd-ufaq-faq-list'>\n\n\t<input type='hidden' name='show_on_load' value='' id='ewd-ufaq-show-on-load' \/>\n<input type='hidden' name='include_category' value='' id='ewd-ufaq-include-category' \/>\n<input type='hidden' name='exclude_category' value='' id='ewd-ufaq-exclude-category' \/>\n<input type='hidden' name='orderby' value='set_order' id='ewd-ufaq-orderby' \/>\n<input type='hidden' name='order' value='asc' id='ewd-ufaq-order' \/>\n<input type='hidden' name='post_count' value='-1' id='ewd-ufaq-post-count' \/>\n<input type='hidden' name='current_url' value='\/ch\/wp-json\/wp\/v2\/ufaq\/110177' id='ewd-ufaq-current-url' \/>\n\t\n\t\n\t<div class='ewd-ufaq-faqs'>\n\n\t\t<div  class=\"ewd-ufaq-faq-div ewd-ufaq-faq-column-count-one ewd-ufaq-faq-responsive-columns- ewd-ufaq-faq-display-style-block ewd-ufaq-can-be-toggled\" id='ewd-ufaq-post-110177-n3xRvfANXv' data-post_id='110177'>\n\n\t\t\n\t<div class='ewd-ufaq-faq-title ewd-ufaq-faq-toggle'>\n\t\n\t<a class='ewd-ufaq-post-margin'  href='#' role=\"button\">\n\n\t\t<div class='ewd-ufaq-post-margin-symbol ewd-ufaq-'>\n\t\t\t<span >B<\/span>\n\t\t<\/div>\n\n\t\t<div class='ewd-ufaq-faq-title-text'>\n\n\t\t\t<h4>\n\t\t\t\tIST DAS FAHRZEUG NACH DEM UMBAU WEITERHIN ALS PKW, LKW ODER WOHNMOBIL ZUGELASSEN?\t\t\t<\/h4>\n\n\t\t<\/div>\n\n\t\t<div class='ewd-ufaq-clear'><\/div>\n\n\t<\/a>\n\t\n<\/div>\n\t\n\t<div class='ewd-ufaq-faq-body' >\n\n\t\t\n\t\t\t\n\t\t\n\t\t\t<div class='ewd-ufaq-post-margin ewd-ufaq-faq-post'>\n\t\n<p>Das h\u00e4ngt von der vorhandenen Ausstattung und der bisherigen Fahrzeugzulassung ab.<br>Der Einbau eines Aufstelldachs allein f\u00fchrt in der Regel&nbsp;nicht automatisch&nbsp;zu einer \u00c4nderung der Fahrzeugklasse.<\/p>\n\n\n\n<ul class=\"wp-block-list\">\n<li>PKW oder LKW:<br>Fahrzeuge, die als PKW oder LKW zugelassen sind, bleiben dies meist auch nach dem Einbau eines Aufstelldachs, sofern keine weiteren wohnmobiltypischen Einbauten vorgenommen werden.<\/li>\n\n\n\n<li>Wohnmobil:<br>Erst durch zus\u00e4tzliche Ausstattungsmerkmale wie eine feste Schlafgelegenheit, Kochm\u00f6glichkeit, Stauraum oder Tisch kann eine Umschl\u00fcsselung zum Wohnmobil m\u00f6glich oder erforderlich werden.<\/li>\n<\/ul>\n\n\n\n<p>Die endg\u00fcltige Einstufung erfolgt durch die zust\u00e4ndige Pr\u00fcforganisation bzw. Beh\u00f6rde und ist abh\u00e4ngig von nationalen Vorschriften.<\/p>\n<\/div>\n\t\t\n\t\t\t\n\t\t\n\t\t\t\n\t\t\n\t\t\t\n\t\t\n\t\t\t\n\t\t\n\t\t\t\n\t\t\n\t\t\t\n\t\t\n\t\t\t\n\t\t\n\t\t\t\n\t\t\n\t<\/div>\n\n<\/div>\n\t<\/div>\n\n\t\n<\/div>","protected":false},"excerpt":{"rendered":"<p>B IST DAS FAHRZEUG NACH DEM UMBAU WEITERHIN ALS PKW, LKW ODER WOHNMOBIL ZUGELASSEN? Das h\u00e4ngt von der vorhandenen Ausstattung und der bisherigen Fahrzeugzulassung ab.Der Einbau eines Aufstelldachs allein f\u00fchrt in der Regel&nbsp;nicht automatisch&nbsp;zu einer \u00c4nderung der Fahrzeugklasse. PKW oder LKW:Fahrzeuge, die als PKW oder LKW zugelassen sind, bleiben dies meist auch nach dem Einbau [&#8230;]\n","protected":false},"author":2838,"featured_media":0,"comment_status":"open","ping_status":"closed","template":"","ufaq-category":[2405],"ufaq-tag":[],"class_list":["post-110177","ufaq","type-ufaq","status-publish","hentry","ufaq-category-aufstelldach-van"],"_links":{"self":[{"href":"https:\/\/easygoinc.com\/ch\/wp-json\/wp\/v2\/ufaq\/110177","targetHints":{"allow":["GET"]}}],"collection":[{"href":"https:\/\/easygoinc.com\/ch\/wp-json\/wp\/v2\/ufaq"}],"about":[{"href":"https:\/\/easygoinc.com\/ch\/wp-json\/wp\/v2\/types\/ufaq"}],"author":[{"embeddable":true,"href":"https:\/\/easygoinc.com\/ch\/wp-json\/wp\/v2\/users\/2838"}],"replies":[{"embeddable":true,"href":"https:\/\/easygoinc.com\/ch\/wp-json\/wp\/v2\/comments?post=110177"}],"wp:attachment":[{"href":"https:\/\/easygoinc.com\/ch\/wp-json\/wp\/v2\/media?parent=110177"}],"wp:term":[{"taxonomy":"ufaq-category","embeddable":true,"href":"https:\/\/easygoinc.com\/ch\/wp-json\/wp\/v2\/ufaq-category?post=110177"},{"taxonomy":"ufaq-tag","embeddable":true,"href":"https:\/\/easygoinc.com\/ch\/wp-json\/wp\/v2\/ufaq-tag?post=110177"}],"curies":[{"name":"wp","href":"https:\/\/api.w.org\/{rel}","templated":true}]}}

<style>div.ewd-ufaq-faq-title h4 { font-size: 18px !important; }.ewd-ufaq-faq-div {
  background: #4C5057 !important;
  border-radius: 10px;
  opacity: 0.9;
  padding: 15px 15px 40px;
  margin-bottom: 30px;
}

.ewd-ufaq-post-active {
  opacity: 0.7;
}

.ewd-ufaq-faq-title .ewd-ufaq-faq-title-text {
  margin: 20px 0;
  width: auto;
}

.ewd-ufaq-faq-body {
    padding-left: 40px;
}

/* open arow symbol placement */

div.ewd-ufaq-faq-title div.ewd-ufaq-post-margin-symbol {
  margin: 23px 0 0 40px;
}</style><div  class="ewd-ufaq-faq-list ewd-ufaq-page-type-distinct ewd-ufaq-category-tabs-" id='ewd-ufaq-faq-list'>

	<input type='hidden' name='show_on_load' value='' id='ewd-ufaq-show-on-load' />
<input type='hidden' name='include_category' value='' id='ewd-ufaq-include-category' />
<input type='hidden' name='exclude_category' value='' id='ewd-ufaq-exclude-category' />
<input type='hidden' name='orderby' value='set_order' id='ewd-ufaq-orderby' />
<input type='hidden' name='order' value='asc' id='ewd-ufaq-order' />
<input type='hidden' name='post_count' value='-1' id='ewd-ufaq-post-count' />
<input type='hidden' name='current_url' value='/ch/wp-json/wp/v2/ufaq/110177' id='ewd-ufaq-current-url' />
	
	
	<div class='ewd-ufaq-faqs'>

		<div  class="ewd-ufaq-faq-div ewd-ufaq-faq-column-count-one ewd-ufaq-faq-responsive-columns- ewd-ufaq-faq-display-style-block ewd-ufaq-can-be-toggled" id='ewd-ufaq-post-110177-n3xRvfANXv' data-post_id='110177'>

		
	<div class='ewd-ufaq-faq-title ewd-ufaq-faq-toggle'>
	
	<a class='ewd-ufaq-post-margin'  href='#' role="button">

		<div class='ewd-ufaq-post-margin-symbol ewd-ufaq-'>
			<span >B</span>
		</div>

		<div class='ewd-ufaq-faq-title-text'>

			<h4>
				IST DAS FAHRZEUG NACH DEM UMBAU WEITERHIN ALS PKW, LKW ODER WOHNMOBIL ZUGELASSEN?			</h4>

		</div>

		<div class='ewd-ufaq-clear'></div>

	</a>
	
</div>
	
	<div class='ewd-ufaq-faq-body' >

		
			
		
			<div class='ewd-ufaq-post-margin ewd-ufaq-faq-post'>
	
<p>Das hängt von der vorhandenen Ausstattung und der bisherigen Fahrzeugzulassung ab.<br>Der Einbau eines Aufstelldachs allein führt in der Regel&nbsp;nicht automatisch&nbsp;zu einer Änderung der Fahrzeugklasse.</p>



<ul class="wp-block-list">
<li>PKW oder LKW:<br>Fahrzeuge, die als PKW oder LKW zugelassen sind, bleiben dies meist auch nach dem Einbau eines Aufstelldachs, sofern keine weiteren wohnmobiltypischen Einbauten vorgenommen werden.</li>



<li>Wohnmobil:<br>Erst durch zusätzliche Ausstattungsmerkmale wie eine feste Schlafgelegenheit, Kochmöglichkeit, Stauraum oder Tisch kann eine Umschlüsselung zum Wohnmobil möglich oder erforderlich werden.</li>
</ul>



<p>Die endgültige Einstufung erfolgt durch die zuständige Prüforganisation bzw. Behörde und ist abhängig von nationalen Vorschriften.</p>
</div>
		
			
		
			
		
			
		
			
		
			
		
			
		
			
		
			
		
	</div>

</div>
	</div>

	
</div>

<p>B IST DAS FAHRZEUG NACH DEM UMBAU WEITERHIN ALS PKW, LKW ODER WOHNMOBIL ZUGELASSEN? Das hängt von der vorhandenen Ausstattung und der bisherigen Fahrzeugzulassung ab.Der Einbau eines Aufstelldachs allein führt in der Regel&nbsp;nicht automatisch&nbsp;zu einer Änderung der Fahrzeugklasse. PKW oder LKW:Fahrzeuge, die als PKW oder LKW zugelassen sind, bleiben dies meist auch nach dem Einbau [&#8230;]
