{"id":46043,"date":"2023-04-11T12:43:30","date_gmt":"2023-04-11T12:43:30","guid":{"rendered":"https:\/\/easygoinc.com\/?post_type=ufaq&#038;p=46043"},"modified":"2023-06-21T10:15:58","modified_gmt":"2023-06-21T08:15:58","slug":"wie-viel-platz-benoetige-ich-um-das-vanlife-modul-bike-zu-verstauen","status":"publish","type":"ufaq","link":"https:\/\/easygoinc.com\/ch\/ufaq\/wie-viel-platz-benoetige-ich-um-das-vanlife-modul-bike-zu-verstauen\/","title":{"rendered":"WIE VIEL PLATZ BEN\u00d6TIGE ICH UM DAS VANLIFE.MODULE BIKE ZU VERSTAUEN?"},"content":{"rendered":"<style>div.ewd-ufaq-faq-title h4 { font-size: 18px !important; }.ewd-ufaq-faq-div {\r\n  background: #4C5057 !important;\r\n  border-radius: 10px;\r\n  opacity: 0.9;\r\n  padding: 15px 15px 40px;\r\n  margin-bottom: 30px;\r\n}\r\n\r\n.ewd-ufaq-post-active {\r\n  opacity: 0.7;\r\n}\r\n\r\n.ewd-ufaq-faq-title .ewd-ufaq-faq-title-text {\r\n  margin: 20px 0;\r\n  width: auto;\r\n}\r\n\r\n.ewd-ufaq-faq-body {\r\n    padding-left: 40px;\r\n}\r\n\r\n\/* open arow symbol placement *\/\r\n\r\ndiv.ewd-ufaq-faq-title div.ewd-ufaq-post-margin-symbol {\r\n  margin: 23px 0 0 40px;\r\n}<\/style><div  class=\"ewd-ufaq-faq-list ewd-ufaq-page-type-distinct ewd-ufaq-category-tabs-\" id='ewd-ufaq-faq-list'>\n\n\t<input type='hidden' name='show_on_load' value='' id='ewd-ufaq-show-on-load' \/>\n<input type='hidden' name='include_category' value='' id='ewd-ufaq-include-category' \/>\n<input type='hidden' name='exclude_category' value='' id='ewd-ufaq-exclude-category' \/>\n<input type='hidden' name='orderby' value='set_order' id='ewd-ufaq-orderby' \/>\n<input type='hidden' name='order' value='asc' id='ewd-ufaq-order' \/>\n<input type='hidden' name='post_count' value='-1' id='ewd-ufaq-post-count' \/>\n<input type='hidden' name='current_url' value='\/ch\/wp-json\/wp\/v2\/ufaq\/46043' id='ewd-ufaq-current-url' \/>\n\t\n\t\n\t<div class='ewd-ufaq-faqs'>\n\n\t\t<div  class=\"ewd-ufaq-faq-div ewd-ufaq-faq-column-count-one ewd-ufaq-faq-responsive-columns- ewd-ufaq-faq-display-style-block ewd-ufaq-can-be-toggled\" id='ewd-ufaq-post-46043-sZvoV9oLKa' data-post_id='46043'>\n\n\t\t\n\t<div class='ewd-ufaq-faq-title ewd-ufaq-faq-toggle'>\n\t\n\t<a class='ewd-ufaq-post-margin'  href='#' role=\"button\">\n\n\t\t<div class='ewd-ufaq-post-margin-symbol ewd-ufaq-'>\n\t\t\t<span >B<\/span>\n\t\t<\/div>\n\n\t\t<div class='ewd-ufaq-faq-title-text'>\n\n\t\t\t<h4>\n\t\t\t\tWIE VIEL PLATZ BEN\u00d6TIGE ICH UM DAS VANLIFE.MODULE BIKE ZU VERSTAUEN?\t\t\t<\/h4>\n\n\t\t<\/div>\n\n\t\t<div class='ewd-ufaq-clear'><\/div>\n\n\t<\/a>\n\t\n<\/div>\n\t\n\t<div class='ewd-ufaq-faq-body' >\n\n\t\t\n\t\t\t\n\t\t\n\t\t\t<div class='ewd-ufaq-post-margin ewd-ufaq-faq-post'>\n\t\n<p>Je nach Fahrzeugmodell \u00e4ndern sich die Ma\u00dfe des vanlife.modules leicht. Die genauen Ma\u00dfe findest du auf der jeweiligen Produktseite. Bei der Entwicklung des vanlife.module BIKE wurde besonders auf Handlichkeit wertgelegt. Die 2-teilige Konstruktion erm\u00f6glicht ein leichtes Handling und ein sehr kompaktes Verstauma\u00df. So kommt man beim Verstauen des vanlife.module BIKE mit einer Grundfl\u00e4che von 80 x 100 cm aus.\u00a0 Die beiden Elemente k\u00f6nnen gestapelt werden, so passt das vanlife.module BIKE in beinahe jedes Kellerabteil und jede Garage. Die Matratze ist so gestaltet, dass sie m\u00f6glichst kompakt gefaltet werden kann.<\/p>\n<\/div>\n\t\t\n\t\t\t\n\t\t\n\t\t\t\n\t\t\n\t\t\t\n\t\t\n\t\t\t\n\t\t\n\t\t\t\n\t\t\n\t\t\t\n\t\t\n\t\t\t\n\t\t\n\t\t\t\n\t\t\n\t<\/div>\n\n<\/div>\n\t<\/div>\n\n\t\n<\/div>","protected":false},"excerpt":{"rendered":"<p>B WIE VIEL PLATZ BEN\u00d6TIGE ICH UM DAS VANLIFE.MODULE BIKE ZU VERSTAUEN? Je nach Fahrzeugmodell \u00e4ndern sich die Ma\u00dfe des vanlife.modules leicht. Die genauen Ma\u00dfe findest du auf der jeweiligen Produktseite. Bei der Entwicklung des vanlife.module BIKE wurde besonders auf Handlichkeit wertgelegt. Die 2-teilige Konstruktion erm\u00f6glicht ein leichtes Handling und ein sehr kompaktes Verstauma\u00df. So [&#8230;]\n","protected":false},"author":42,"featured_media":0,"comment_status":"open","ping_status":"closed","template":"","ufaq-category":[1641],"ufaq-tag":[],"class_list":["post-46043","ufaq","type-ufaq","status-publish","hentry","ufaq-category-modul-bike"],"_links":{"self":[{"href":"https:\/\/easygoinc.com\/ch\/wp-json\/wp\/v2\/ufaq\/46043","targetHints":{"allow":["GET"]}}],"collection":[{"href":"https:\/\/easygoinc.com\/ch\/wp-json\/wp\/v2\/ufaq"}],"about":[{"href":"https:\/\/easygoinc.com\/ch\/wp-json\/wp\/v2\/types\/ufaq"}],"author":[{"embeddable":true,"href":"https:\/\/easygoinc.com\/ch\/wp-json\/wp\/v2\/users\/42"}],"replies":[{"embeddable":true,"href":"https:\/\/easygoinc.com\/ch\/wp-json\/wp\/v2\/comments?post=46043"}],"wp:attachment":[{"href":"https:\/\/easygoinc.com\/ch\/wp-json\/wp\/v2\/media?parent=46043"}],"wp:term":[{"taxonomy":"ufaq-category","embeddable":true,"href":"https:\/\/easygoinc.com\/ch\/wp-json\/wp\/v2\/ufaq-category?post=46043"},{"taxonomy":"ufaq-tag","embeddable":true,"href":"https:\/\/easygoinc.com\/ch\/wp-json\/wp\/v2\/ufaq-tag?post=46043"}],"curies":[{"name":"wp","href":"https:\/\/api.w.org\/{rel}","templated":true}]}}

WIE VIEL PLATZ BENÖTIGE ICH UM DAS VANLIFE.MODULE BIKE ZU VERSTAUEN?

<style>div.ewd-ufaq-faq-title h4 { font-size: 18px !important; }.ewd-ufaq-faq-div {
  background: #4C5057 !important;
  border-radius: 10px;
  opacity: 0.9;
  padding: 15px 15px 40px;
  margin-bottom: 30px;
}

.ewd-ufaq-post-active {
  opacity: 0.7;
}

.ewd-ufaq-faq-title .ewd-ufaq-faq-title-text {
  margin: 20px 0;
  width: auto;
}

.ewd-ufaq-faq-body {
    padding-left: 40px;
}

/* open arow symbol placement */

div.ewd-ufaq-faq-title div.ewd-ufaq-post-margin-symbol {
  margin: 23px 0 0 40px;
}</style><div  class="ewd-ufaq-faq-list ewd-ufaq-page-type-distinct ewd-ufaq-category-tabs-" id='ewd-ufaq-faq-list'>

	<input type='hidden' name='show_on_load' value='' id='ewd-ufaq-show-on-load' />
<input type='hidden' name='include_category' value='' id='ewd-ufaq-include-category' />
<input type='hidden' name='exclude_category' value='' id='ewd-ufaq-exclude-category' />
<input type='hidden' name='orderby' value='set_order' id='ewd-ufaq-orderby' />
<input type='hidden' name='order' value='asc' id='ewd-ufaq-order' />
<input type='hidden' name='post_count' value='-1' id='ewd-ufaq-post-count' />
<input type='hidden' name='current_url' value='/ch/wp-json/wp/v2/ufaq/46043' id='ewd-ufaq-current-url' />
	
	
	<div class='ewd-ufaq-faqs'>

		<div  class="ewd-ufaq-faq-div ewd-ufaq-faq-column-count-one ewd-ufaq-faq-responsive-columns- ewd-ufaq-faq-display-style-block ewd-ufaq-can-be-toggled" id='ewd-ufaq-post-46043-sZvoV9oLKa' data-post_id='46043'>

		
	<div class='ewd-ufaq-faq-title ewd-ufaq-faq-toggle'>
	
	<a class='ewd-ufaq-post-margin'  href='#' role="button">

		<div class='ewd-ufaq-post-margin-symbol ewd-ufaq-'>
			<span >B</span>
		</div>

		<div class='ewd-ufaq-faq-title-text'>

			<h4>
				WIE VIEL PLATZ BENÖTIGE ICH UM DAS VANLIFE.MODULE BIKE ZU VERSTAUEN?			</h4>

		</div>

		<div class='ewd-ufaq-clear'></div>

	</a>
	
</div>
	
	<div class='ewd-ufaq-faq-body' >

		
			
		
			<div class='ewd-ufaq-post-margin ewd-ufaq-faq-post'>
	
<p>Je nach Fahrzeugmodell ändern sich die Maße des vanlife.modules leicht. Die genauen Maße findest du auf der jeweiligen Produktseite. Bei der Entwicklung des vanlife.module BIKE wurde besonders auf Handlichkeit wertgelegt. Die 2-teilige Konstruktion ermöglicht ein leichtes Handling und ein sehr kompaktes Verstaumaß. So kommt man beim Verstauen des vanlife.module BIKE mit einer Grundfläche von 80 x 100 cm aus.  Die beiden Elemente können gestapelt werden, so passt das vanlife.module BIKE in beinahe jedes Kellerabteil und jede Garage. Die Matratze ist so gestaltet, dass sie möglichst kompakt gefaltet werden kann.</p>
</div>
		
			
		
			
		
			
		
			
		
			
		
			
		
			
		
			
		
	</div>

</div>
	</div>

	
</div>

<p>B WIE VIEL PLATZ BENÖTIGE ICH UM DAS VANLIFE.MODULE BIKE ZU VERSTAUEN? Je nach Fahrzeugmodell ändern sich die Maße des vanlife.modules leicht. Die genauen Maße findest du auf der jeweiligen Produktseite. Bei der Entwicklung des vanlife.module BIKE wurde besonders auf Handlichkeit wertgelegt. Die 2-teilige Konstruktion ermöglicht ein leichtes Handling und ein sehr kompaktes Verstaumaß. So [&#8230;]
